culate -23 + (-1 - -2) + -4 + (9 - -3).
-14
What is -4 - (-9 + -25 + 11)?
19
What is the value of 17 + 3 - (-39 + 37)?
22
Calculate -7 + -9 + 3 + 8 - -1 - 6.
-10
-7 + (5 - 0) + 9
7
-10 + 4 + (-16 + 11 - -10)
-1
Calculate -14 + 38 - 10 - (3 + -15).
26
Calculate -8 - (0 + 2 + -2 + -10).
2
2 - 1 - (12 - (67 - 43))
13
Evaluate -17 - (17 + -11) - -12 - 5.
-16
Calculate (5 - 6 - -23) + (44 - 59).
7
Calculate -1 - 1 - (12 - -4 - (-60 + 59)).
-19
What is the value of -2 + 2 - 26 - (2 + -4 - 4)?
-20
Calculate 20 + -17 + 1 + -8 - -11 - -6.
13
-9 + (-7 - -20) + (10 - 1)
13
Evaluate 7 - 15 - (-1 + -1 - 9).
3
Evaluate -11 + (4 - (-29 + -2 + 16)).
8
What is the value of 10 + -22 - 1 - -13 - -15?
15
What is 30 + (-31 - 8) + (1 - -27)?
19
Calculate 5 + -5 + (2 - 5).
-3
-45 + 54 + -20 + 2
-9
What is the value of 0 - (11 + 8 + -7 + -10)?
-2
Calculate 25 - (29 + (-36 - -18)).
14
Evaluate 11 + (-8 + 26 - 7) + -35.
-13
Calculate -52 + 12 + (13 - 15) - -3.
-39
What is ((-2 - 4) + 13 - (2 + -10)) + -7?
8
Calculate ((-2 - 4) + 10 - 0) + -2 + -17.
-15
Evaluate 13 - (41 - -1) - (12 + -7 - -1).
-35
(-312 - -318) + 1 + -14
-7
Evaluate -30 + 85 + -13 - (7 - 5).
40
Evaluate 11 + -5 + 3 + -2 - (6 - 12).
13
Evaluate (3 + -1 - (54 - 38)) + (-1 - -7).
-8
What is the value of 13 + 7 + -7 + (20 - 40)?
-7
Evaluate 11 - 2 - ((-9 - -3) + (17 - 6)).
4
What is -19 + (2 - (-16 + 12))?
-13
Calculate 12 + -8 - (5 + -5 + -9).
13
Calculate -8 + 54 + (-15 - 0) - 11.
20
Calculate -83 - -87 - (7 - (0 - -1 - 0)).
-2
What is -6245 + 6237 + (12 - (-2 - (1 - 2)))?
5
What is (22 - -7) + -20 + -21?
-12
Evaluate -30 - 5 - (-111 - -40).
36
What is the value of (-1 - -2) + (-3 - 8 - -1) + 6?
-3
-12 - (5 - 1 - ((8 - -1) + -3))
-10
What is -7 - 24 - (0 + -20)?
-11
Evaluate (-1 + 0 - 6) + (18 - 1).
10
Evaluate (-235 + 225 - (-7 + 1)) + (1 - -31).
28
What is 3 + -3 + (7 - (-5 - -10)) + 9?
11
Evaluate -10 - -19 - 43 - (-2 - 13).
-19
Evaluate 2 + 4 + -3 + -1 + (-3 - -10).
9
What is 9 - 2 - -29 - 23?
13
Calculate 2 + 15 + (9 + -5 - 13).
8
Evaluate 447 - 430 - (-1 - -10).
8
What is -15 + (11 - (-77 + 39))?
34
What is the value of -4 + -2 - (2 - (-7 - -29 - 11))?
3
Evaluate 13 - ((25 - 7) + -10).
5
(28 - -1) + (-273 - -238)
-6
Evaluate 2 + (-11 + -11 + 9 + -1 - -1).
-11
Evaluate (16 - -1) + 0 + (8 - -4) + -11.
18
What is the value of (9 - (2 - 13 - -6)) + -37?
-23
Calculate 15 - (27 - 8 - -12).
-16
Evaluate -19 + (-5 + 24 - 16) - -30.
14
What is the value of 11 + 2 + -7 + 4?
10
-45 - -25 - (7 - 10)
-17
17 + (30 - (114 + -45))
-22
9 + -5 - (-4 - -4 - (1 + -5))
0
What is -16 + (-7 - (4 + -10)) + 4?
-13
What is -57 - -41 - (14 - 59)?
29
Evaluate 14 - (15 - (33 + -19)).
13
What is 37 - 25 - (1 + 4 + -3)?
10
Evaluate (-2 - -1) + -4 + (2 - -4) + -7.
-6
What is 1 + (2 - (6 + 6 + -3)) + -2?
-8
Evaluate -4 - (-7 + -22 + 15 - -17).
-7
What is (30 - 8 - 18) + -32?
-28
(-397 - -413) + 0 + -27
-11
Calculate 2 - (-7 + -4 + 24).
-11
1 + -36 + (-130 - -146) + -5
-24
Calculate 1 + 2 - (12 - (18 - (8 + 5))).
-4
What is the value of 1 - 3 - (-6 - (28 - 22))?
10
What is the value of 8 - (-2 - -2 - (-18 - -21))?
11
What is -2 + (2 - -8) - (-217 - -215)?
10
Evaluate 0 + -60 + -187 + 217.
-30
Evaluate 1 + 6 - -4 - (-3 + 0 - -1).
13
10 + 1 + (10 - (1 - -7))
13
Evaluate 6 - (-19 - (-27 + 8)).
6
What is the value of 11 + -10 - (9 - 9)?
1
What is -6 - -23 - 0 - 27?
-10
(11 - (7 + -1)) + 1
6
-18 - 3 - (-29 + 4 - -12)
-8
Calculate -18 + (-38 + 1 - -30).
-25
What is the value of -9 + -1 - (-144 + 170)?
-36
Calculate (-2 - (33 + -32) - (-2 - 13)) + -30.
-18
Evaluate 13 + -6 + 14 + -12 + -7.
2
36 - (37 + -5 - 22)
26
25 - 9 - (10 - -2)
4
Evaluate -10 - -6 - (2 - (-9 - -8)) - -10.
3
-3 + ((8 - 16) + -5 + -3 - -8)
-11
What is the value of 4 + -5 - (4 + -21) - (40 + -37)?
13
What is -1 + (-4 - (-21 - -9)) + -10?
-3
Calculate 1 + -13 + -2 - (197 - 202).
-9
What is 16 - (15 + 0 - (-23 + 26))?
4
What is the value of -40 - (-7 - 9) - -34?
10
-14 + -13 + 25 + -8
-10
What is 29 + (-19 - (-7 - -4)) + 3?
16
What is the value of 22 - (-1 - (-5 + -12 - -31))?
37
-51 + (33 - -20) - (2 - (-1 + 0))
-1
What is 32 + -6 + -14 - 20?
-8
What is the value of 0 + -9 + (263 - 266) + 12 + 0?
0
What is the value of 15 + 7 + 15 - 45?
-8
Calculate 18 - ((-9 - (6 - 33)) + -7).
7
-2 - (3 - (1 - 8 - -1) - 5)
-6
-2 - -2 - ((3 - 0) + 27 + -28)
-2
What is the value of -17 - (-22 + (17 - 8) - -2 - -7)?
-13
What is the value of 15 + (16 - 12) + -3?
16
Calculate (-23 - (-29 + -27)) + (-3 + 2 - -7).
39
1259 - 1252 - (0 + 1 - -1)
5
Calculate (6 - (-13 - -11) - 3) + 4.
9
Evaluate (-26 - -14) + 4 - 2 - -16.
6
What is -8 - ((-23 - -10) + 2 - (2 + -7))?
-2
What is -2 - 15 - (-31 + 16) - -7?
5
What is the value of -13 + (13 - (15 - 29))?
14
Calculate (44 - 47) + (3 - -16) + (-1 - 2).
13
Calculate (-14 + 8 - -5) + -1 + 5.
3
What is the value of -2 - 7 - (9 + -38 - -19)?
1
What is the value of (17 - -8 - 17 - -20) + (2 - 5)?
25
-1 - (1 + 9 + 1 - (181 - 175))
-6
What is (4 - (7 - 4) - (-5 - -1)) + -11?
-6
(-12 - -33) + -18 + (-2 - -11)
12
What is the value of 26 + 15 + -45 + (-3 - 8)?
-15
Calculate (-4 - -37) + (-49 - 3).
-19
What is the value of -8 - (-23 + -6 + 5 + 1)?
15
What is -14 - (6 - 5) - (24 + -29)?
-10
(2 - -13 - (34 + -29)) + 0
10
Calculate 3 - 7 - (-17 - -17 - (1 + 12)).
9
What is the value of (18 - 9) + (-6 - (-9 + 5))?
7
Evaluate (-18 - -8 - (-2 + 4)) + 25.
13
What is (1 + -2 - 4) + -342 + 326?
-21
Evaluate 0 + 11 - (156 + -141).
-4
What is the value of 6 - -3 - -6 - (4 + -1)?
12
What is the value of -6 + (-1 - -5) - ((-2 - 10) + 16)?
-6
-8 - (-3 - (3 - -3 - 4))
-3
Evaluate (3 - 13) + (3 - 4 - -9).
-2
Evaluate -6 + (9 - 0) + -9 + 1 - 15.
-20
What is the value of (-10 - (14 + -29) - -1) + 2?
8
-2195 + 2189 - (-1 + 2 + 11)
-18
Calculate (-1 - (-2 + 0)) + (2 - 10) + -4.
-11
What is the value of 26 + -2 + (-5 - -5) + -25 + 23?
22
-9 - (2 + 9 - 10 - -10)
-20
Calculate (1 - 8) + (-2 - -3) + 19.
13
What is the value of -9 + 10 - (-7 - (-7 - -8))?
9
Calculate 0 + (2 - 7 - (-3 - 0)) - -2.
0
What is 1 - -3 - (-61 + (-35 - -91))?
9
Calculate (-5 - 4 - (-8 - (2 + -5))) + 2.
-2
What is -1 - (-23 - (-16 + -10))?
-4
Evaluate -1 + 20 + 0 - (74 - (111 + -46)).
10
Evaluate (1 - -27) + -1 + -13.
14
(32 + -12 - 12) + 1
9
What is (-18 - -40 - (2 - -1)) + -8 + 0?
11
Evaluate (-7 + 3 - -11 - 11) + 9 - -9.
14
Evaluate 4 + 48 + -16 + -47.
-11
Calculate 19 + (-10 - 0) + -127 + 130.
12
Calculate 5 + ((11 - 11) + -7 - 10).
-12
What is the value of 8 + -9 - (12 + 8 + -20)?
-1
What is the value of 4 + 2 + -6 + 0 + -37 + 40?
3
What is the value of -9 + (7 - (5 - -11))?
-18
Calculate -1 + 2 + -11 - -5.
-5
Calculate -1 + -9 + (14 - -13) - (3 + -12).
26
What is the value of 2022 - 2034 - (2 + -2 - -11)?
-23
What is the value of -19 + (19 - (18 - 12) - 3)?
-9
Evaluate 7 + -19 + -7 + 7.
-12
What is the value of -13 - (-9 - 3) - ((-3 - -5) + -2)?
-1
What is the value of (-14 - -45 - 92) + 40?
-21
Evaluate (-9 - -8) + 12 - -1.
12
Evaluate 8 - (1 + (-8 - 3)).
18
(4 + -12 - -6) + 6 + 2 + -18
-12
What is the value of 75 + -72 + (15 - -5)?
23
What is -3 - 3 - (-19 - (-19 + -1))?
-7
5 - (3 - (14 + -12 + 12))
16
Evaluate -56 + 71 + -14 - ((1 - 2) + -14).
16
What is the value of -26 + 7 + 8 + 4?
-7
What is 10 - (5 - (-15 + 1))?
-9
What is (2 - 5 - -5) + -27 + 12?
-13
What is the value of -10 + 19 + (3 - 10 - 11)?
-9
0 - (22 - (73 + -22))
29
What is the value of 6 + 3 + (14 - 4) + -7?
12
-4 - (24 + -1 - (-69 + 76))
-20
Evaluate (-3 - 6) + (15 - 7) + (-9 - -20).
10
Calculate -8 + -3 + 2 + -8.
-17
What is -1 + -1 + -124 + 48 + 67?
-11
What is (31 + -32 - (-2 + -6)) + -1 + -11?
-5
What is the value of (-1 - (6 - -2)) + (33 + -48 - -52)?
28
Evaluate (13 - 6) + (-2 + 2 - -10).
17
What is the value of -22 - (-65 - (-10 - 11))?
22
What is the value of -27 + 53 + 3 + -19?
10
353 + -360 - (-11 + 0) - (2 - -2)
0
1 + (10 - 1) + (19 - (16 + 3))
10
What is the value of -15 + 53 + (-11 - 14)?
13
(8 - 15) + 15 + -2
6
What is -7 + 5 + -2 - (8 - -7 - 9)?
-10
What is (-53 + 20 - -17) + (-1 - -9)?
-8
-3 - (-16 - (4 - (14 + -10)))
13
What is -2 + (-15 + 11 - -12)?
6
Evaluate 15 + -2 + -395 + 390.
8
What is the value of (-4 - (1 + 5 - 7)) + 3 + -6?
-6
Calculate (3 - (35 + -14)) + 14.
-4
Calculate -5 + 15 + -27 - -26.
9
Calculate 15 -